-8)*5/(-1). What is the units digit of (35 - t)/(-1 - -2)?
1
Let y = -11 + 16. Suppose -y*h = x + 336, -4*x - 204 = 3*h - x. Let k = h + 113. What is the tens digit of k?
4
Suppose -o - 4*f = -13321, -2*o = 6*f - 3*f - 26627. What is the thousands digit of o?
3
Let v(g) = 7*g**2 + 3*g + 6. Let s be 18/(-81) - ((-94)/18 - 0). Let h be v(s). Suppose 0 = 5*j - 10, -a - 3*j = 4*a - h. What is the units digit of a?
8
Let p(v) = 4*v + 8. Let k be p(10). Let a = k + -46. What is the hundreds digit of (3/a)/(6/488)?
1
Let p(t) = t**3 - 3*t**2 + 6*t - 8. Let x be p(2). Suppose 40*w + 10*w - 3300 = x. What is the tens digit of w?
6
Let p(a) = a**2 + 74*a + 891. What is the hundreds digit of p(-63)?
1
Let v = -8971 - -5282. What is the hundreds digit of 6 - (v - -5)/6?
6
Suppose 429 = -2*s + 149. Let c = s - -190. What is the tens digit of c?
5
Suppose -5*k - 41886 = -2*m, 122732 - 39036 = 4*m + 9*k. What is the thousands digit of m?
0
What is the thousands digit of (446/(-7))/((-14)/10094)?
5
Let n(c) = 303*c**2 - 239*c + 28. What is the hundreds digit of n(-7)?
5
Suppose 6*g - 8960 = 22*g. Let v = -301 - g. What is the units digit of v?
9
Suppose 3*i + 10661 = 2*j, -14*j - 26700 = -19*j - 2*i. What is the tens digit of j?
3
Suppose 9663 = 5*u - q - 109289, -95065 = -4*u - 13*q. What is the units digit of u?
9
Let d(o) = o**2 + 3*o + 3. Let z be d(-3). Suppose -154 = -f - s, -z*f - 2*f + 764 = 2*s. Suppose 5*a + 7 = f. What is the tens digit of a?
2
Let k be (-12)/8*20/15. Let z(r) = -16*r**2 - 2*r - 4. Let s be z(k). What is the tens digit of 9/((-9)/s) + 2?
6
Suppose -x - 2*o + 17 = -7*o, o - 1 = -2*x. Suppose -d + 117 = -3*b, -b + x*b + 375 = 3*d. What is the units digit of d?
6
Let k = 17739 + -9787. What is the tens digit of k?
5
Let j = 104 - 24. Let h be ((-75)/2)/((-8)/j). Suppose 3*a = 7*g - 2*g + 375, 0 = -3*a - g + h. What is the units digit of a?
5
Suppose 0 = -3*h - 4*j + 29614, -4*j + 7315 + 12429 = 2*h. What is the tens digit of h?
7
Let q = -56803 - -85275. What is the thousands digit of q?
8
Suppose 0 = -3*u - 2*u - u. Let c be (u - -2) + (-14 - -3). Let a = c + 102. What is the units digit of a?
3
What is the hundreds digit of 65846 - 21*((-14)/12 - 144/(-96))?
8
Suppose 52*g = 22*g + 269998 - 89278. What is the units digit of g?
4
Let t = 72 + -67. Suppose -2*r + t*r + h - 917 = 0, 0 = r - h - 299. Suppose 4*m - r = s, -5*m - 5*s = -0*s - 355. What is the tens digit of m?
7
Suppose 4*j - 54076 = -5*n, -4*j - 27*n = -23*n - 54076. What is the hundreds digit of j?
5
Suppose 2*p + y = 11, 3*y - 21 - 6 = -5*p. What is the tens digit of ((-7)/(-28)*p)/(3/1892)?
4
Let s(o) = 1008*o - 2778. What is the units digit of s(20)?
2
Suppose -4*m + 2*n - 449 = -5*m, -3*n - 9 = 0. Let w(a) = -2*a**2 - 8*a + 15. Let s be w(10). Let l = s + m. What is the units digit of l?
0
Let w(a) = 23*a**2 - 22*a**2 - 3*a - 14 - 202 + 98. What is the hundreds digit of w(27)?
5
Let a be ((-1)/2)/((-36225)/9058 - -4). Let c = a + 793. What is the units digit of c?
6
Suppose f - 4141 - 9174 = -5*h, 0 = -4*f + 20. Let w = h + -1636. What is the units digit of w?
6
Suppose -41767 = -9*y + 9524. What is the tens digit of y?
9
Let b be 42/6 + 9/(-1). What is the tens digit of b/(-2)*(-37719)/(-27)?
9
Let h(t) = 20*t**2 - 143*t - 122. What is the units digit of h(23)?
9
What is the tens digit of ((-24528)/(-147))/((-6)/(-21))?
8
Let f(g) = 6*g**2 - 11*g + 50. Suppose -3 = 2*s - 5*t, 5 + 4 = -s + 4*t. What is the hundreds digit of f(s)?
6
Suppose 0 = -p + 3*k + 10030, 24284 + 5862 = 3*p + 5*k. What is the ten thousands digit of p?
1
Let t be 842 + (6 - (-1 + 3)). Let m = t + -511. What is the tens digit of m?
3
Let b = -29978 + 56482. What is the ten thousands digit of b?
2
Suppose 0 = 4*y + 2*v - 26, -5*y + 0*v + 25 = v. Let r(w) be the first derivative of 19*w**2 - 33*w - 148. What is the hundreds digit of r(y)?
1
Let w(k) be the first derivative of -3*k**4/4 - 4*k**3 + k**2 + 5*k + 3. Let j be w(-5). What is the tens digit of 20/j + (-313)/(-7)?
4
Let t(p) = -41*p - 1992. What is the tens digit of t(-69)?
3
Let n(w) = -7*w**2 + 18*w + 2*w**3 + 65 + 8*w**3 - w**3 - 16*w**3. What is the hundreds digit of n(-6)?
2
Let p(c) = -21783*c - 7. What is the thousands digit of p(-1)?
1
Let h(w) = 15*w - 13. Let o(i) = -2*i + 2. Let x(f) = h(f) + 2*o(f). Let p = -4 + 6. What is the units digit of x(p)?
3
Let o(x) = -4*x - 27. Let f be o(3). What is the tens digit of 6*(-2 + 14 - (-26)/f)?
6
Let f = 86027 - 51896. What is the thousands digit of f?
4
Let s = -24 + 52. Suppose -s - 20 = -4*u. Let o(g) = 10*g + 1. What is the tens digit of o(u)?
2
Let t = -4981 + 9066. What is the tens digit of t?
8
Let b(q) = 2*q**2 - 2*q + 47. Let k = -252 - -270. What is the hundreds digit of b(k)?
6
Let r = -83 + 84. Let o be (r - -152)/(-4 - (-57)/12). Suppose 153*w - 150*w = o. What is the tens digit of w?
6
Let f(b) = -224*b - 11. Let i be f(-7). Let d be ((-4)/12)/((-3)/i) + 1. Let r = d - 65. What is the hundreds digit of r?
1
Let m(x) = -5*x - 12. Let l be m(-9). Suppose -3*j = o - 8 - 135, 0 = -3*j + 2*o + 128. Let c = l + j. What is the tens digit of c?
7
Let a(d) = 2*d + 7. Let f be (2 - 4)*(-1)/(-2). Let n be f - -26 - 4/1. What is the tens digit of a(n)?
4
Let x(w) = -720*w**3 + 2*w**2 - 379*w - 1130. What is the ten thousands digit of x(-3)?
1
Suppose -3 = -3*f, 4*j - 2 = -4*f + 2. Let t be (-3 + j)/((0 + -1)*1). Suppose -3 = -3*v + t. What is the units digit of v?
2
Let m(q) = -q**3 + 13*q**2 - 2*q + 37. Let l be m(13). Suppose -l*f - 2169 = -14*f. What is the hundreds digit of f?
7
Let m(r) = -97*r**3 + 11*r**2 + 12*r + 30. What is the tens digit of m(-4)?
6
Suppose -4*h = -2*m + 44636, -51*m + h = -54*m + 66975. What is the ten thousands digit of m?
2
Let a(r) = 1. Let f(x) = 9*x - 12. Let o(i) = 28*a(i) + 4*f(i). What is the units digit of o(7)?
2
What is the tens digit of (46 - -2621)/((-5)/(-145))?
4
Let g(u) = u**2 - 30*u + 191. Let m be g(28). Let h = 9 - 5. Suppose -229 = -h*f + m. What is the units digit of f?
1
Let g = 44895 + -18718. What is the units digit of g?
7
Let w(q) = q + 1. Let p = 23 + -19. Let c be w(p). Suppose -c*y + d + 112 = 0, -5*y = -0*d + d - 118. What is the units digit of y?
3
Let b be -90*(1666/(-663) + (-4)/26). Suppose b = -35*p + 39*p. What is the tens digit of p?
6
Let t(w) = 25*w + 1. Let m be t(1). Suppose 2*j - 86 = -3*y, -87 - 22 = -4*y + 3*j. Suppose 27*n = y*n - m. What is the units digit of n?
6
Let v = 464 + -194. Let r = v - -208. What is the units digit of r?
8
Let p(j) = -48*j + 708. Let z(f) = -7*f + 101. Let s(a) = -6*p(a) + 45*z(a). What is the thousands digit of s(-31)?
1
Suppose -8*h = -0*h + 680. Let k = h + 97. Suppose 7*w = 4*w + 5*t + 372, -4*t = -k. What is the tens digit of w?
2
Suppose 7880 = -3*t - 1657. Let u = t - -7551. What is the units digit of u/28 - (-4 + (-58)/(-14))?
6
Suppose 0*c + 6 = -3*c. Let h(a) = -8 - 2 + 1 + 1 + 7 - 70*a. What is the hundreds digit of h(c)?
1
Suppose 0 = t - 46 - 13. Let i = 61 - t. What is the units digit of (52*i)/4 - 2?
4
Let p = -87 - -97. Suppose p*t - 4383 = t. Let j = t + -229. What is the hundreds digit of j?
2
Suppose -251*z = -260*z + 123453. What is the thousands digit of z?
3
Let q = 34 + -29. Suppose -4*s + 655 = -q*b - 13, -501 = -3*s - b. What is the hundreds digit of s?
1
Suppose 0 = 10*n + 267 + 963. Let s = n + 433. What is the hundreds digit of s?
3
Let v = -100479 - -142748. What is the tens digit of v?
6
Suppose -360*x - 177052 = -364*x - 2*n, 177082 = 4*x - 3*n. What is the thousands digit of x?
4
Suppose 4*i - 72 = 8*i. What is the tens digit of (-27)/i - (-2 + (-3549)/6)?
9
Suppose -2*p + 23141 = 3*c, 3*p + 2*c - 11661 - 23063 = 0. What is the tens digit of p?
7
Let w(v) = -60*v + 37. Suppose -10*i - 27 + 77 = 0. Let z be w(i). Let b = 470 + z. What is the tens digit of b?
0
Let h(g) = -497*g - 6. Let o be (3 + 3 + -8)/2. What is the tens digit of h(o)?
9
Suppose 47*s + 1178 = 48*s - 3*m, -4*s - 4*m = -4648. What is the units digit of s?
6
Let l(b) be the first derivative of 6 + 5/3*b**3 + 2*b**2 - 2*b. What is the units digit of l(3)?
5
Let p = 35 + -192. Let t = 330 + p. Let n = 359 - t. What is the units digit of n?
6
Let h = -5 - -289. Suppose 0*o = 3*o + 2*p - 